t y = 162 + -275. What are the prime factors of (4633/y)/((3/2)/(-3))?
2, 41
Suppose 94998 - 4383 = -15*t. List the prime factors of t/(-14) - 2/4.
431
Let h be -5 + 1 - (-18)/2. Let d(g) = 2*g - 7. Let l be d(h). Suppose 293 = l*u - 0*z + 2*z, -495 = -5*u - 2*z. List the prime factors of u.
101
Suppose -5*n + 72 = 62, -2*w - 7*n = -5986. What are the prime factors of w?
2, 1493
Suppose -4*d + 8086 - 2155 = 3*y, 2*d + 1987 = y. List the prime factors of y.
7, 283
Let y(h) = 768*h**3 + 8*h - 27. What are the prime factors of y(2)?
6133
What are the prime factors of (69138/12)/(3/2)?
23, 167
Suppose -3*b + c + 25 = 0, 0 = b - 2*c - 5. Suppose 2*g + 5*u = -7, 2*u = -u - b. Suppose g*f - 268 = -32. What are the prime factors of f?
59
Let z(a) be the third derivative of 5/8*a**4 + 5*a**2 + 0*a + 5/3*a**3 + 3 + 11/60*a**5. List the prime factors of z(-5).
2, 3, 5, 7
Suppose 94*i - 237838 = 543490. List the prime factors of i.
2, 1039
Suppose 2818 = 5*g + 3*z, 2810 = -g + 6*g + 5*z. Suppose -13*n + 1111 = -g. Let l = 161 - n. List the prime factors of l.
2
Let f(b) = -422*b + 452. What are the prime factors of f(-10)?
2, 73
Let w be (-69)/6*4/(-2 + 4). Let q(g) = -8*g - 108. What are the prime factors of q(w)?
2, 19
Suppose -13502*t = -13495*t - 91917. What are the prime factors of t?
3, 1459
Suppose -3 = 3*b, 375*r - 374*r - 4*b = 57081. List the prime factors of r.
57077
Let h be (-8 + 3 + 3 - -2)/(-3 - -2). Let l(m) = -41*m**3 - 2*m**2 - m. Let v be l(-1). Suppose h*c - c + 5*y = 0, 2*c = 2*y + v. List the prime factors of c.
5
Let w(n) = 17*n**2 + 33*n + 127. List the prime factors of w(-19).
3, 1879
Let j(x) be the first derivative of 3*x**3 - 129*x**2/2 + 33*x + 278. What are the prime factors of j(21)?
3, 431
Let f(c) = -19*c**2 + 8*c + 32. Let m be f(-6). What are the prime factors of (-249)/(-2)*m/(-105)?
2, 5, 83
Suppose u + 3 = -s + 8, -u + 2 = 0. Suppose 5*d = -2*r + 108, r - s*d - 92 = -r. Suppose j - 68 = r. What are the prime factors of j?
3, 13
Suppose 0*m + 34 = -3*p + 5*m, -5*p + 10 = 5*m. Let i(b) = 90*b**2 - 33*b - 97. List the prime factors of i(p).
2, 7, 29
Suppose 4*r = -5*o + 22, -4 = -4*r + o + 3*o. Suppose -r*m + 429 = -162. List the prime factors of m.
197
Let m(u) = 5*u - 7. Let i be m(3). What are the prime factors of ((-180)/i)/5*(-366)/9?
3, 61
Suppose -8*z - 4242 + 56566 = -3716. What are the prime factors of z?
3, 5, 467
Suppose p = 3*i - 1362, 4419 + 2471 = -5*p - 5*i. Let z = -463 - p. What are the prime factors of z?
911
Let k(y) = -y - 11. Let a(l) be the third derivative of l**4/8 + 7*l**3/2 + 6*l**2. Let s(m) = -4*a(m) - 9*k(m). List the prime factors of s(-9).
2, 3, 7
Let z(s) = s**2 + 25*s + 160. Let y = 160 + -185. What are the prime factors of z(y)?
2, 5
Let u(s) = 92*s - 754. What are the prime factors of u(43)?
2, 1601
Let j be (-18 - 48/(-2))*(-2)/6. Suppose -t + 3*y = -y - 13, 57 = 3*t - 3*y. List the prime factors of (t/6)/((-86)/44 - j).
7, 11
Let w(j) = -95*j + 2199. List the prime factors of w(-54).
3, 7, 349
Suppose -86*x = -89*x - m + 36626, -2*x + 2*m + 24412 = 0. What are the prime factors of x?
2, 7, 109
Suppose -5*i + 40 = 3*i. Suppose -171 - 7669 = -i*n. Suppose 8*t + n = 15*t. What are the prime factors of t?
2, 7
Suppose 0 = -2*j - 2*y + 27356, -147*y + 145*y + 41038 = 3*j. What are the prime factors of j?
2, 6841
Suppose 4*h - 13992 = -2*o, 3*o + 5*h = 4567 + 16426. List the prime factors of o.
2, 31, 113
Let p(y) be the third derivative of -y**4/3 + 293*y**3/6 - 109*y**2 - 1. List the prime factors of p(0).
293
Let b(g) = 499 + 524*g + 495 - 988. What are the prime factors of b(3)?
2, 3, 263
Suppose 0 = -36*o - 76021 + 346129. What are the prime factors of o?
3, 41, 61
Let h(q) = 2*q**2 + 19*q - 82. Suppose -3*k + 3*j = 2*j + 60, -k = -2*j + 15. List the prime factors of h(k).
401
Let p(w) = 993*w**3 + 3*w**2 - 8*w + 6. List the prime factors of p(2).
2, 29, 137
Suppose -81 = 2*d + 5*t, 3*t = 5*d - 0*d + 249. Let n = 52 + d. Suppose n*k - 19 - 17 = 0. What are the prime factors of k?
3
Let u = 555 + -551. Suppose -4*h + 5920 = 4*g, 3742 = 5*g + u*h - 3654. What are the prime factors of g?
2, 3, 41
Let t(d) = 4*d - 12. Let p be t(4). Let a be 400 + (2/6)/(p/24). List the prime factors of ((-6)/(-15) - a/(-20))*2.
41
Suppose 2*d - 2 = 2. Suppose -d*p + 4 + 2 = 0. Suppose 5*w - 246 = f - 24, -141 = -p*w - 2*f. List the prime factors of w.
3, 5
Suppose -9*c + 10*c = -5*p + 3711, 5*c - 18578 = -2*p. Let x = c + -2637. List the prime factors of x.
13, 83
Let m(i) = 3*i**2 + 16*i + 20. Let r be m(-5). Let o be 1*(0 + -2 + 12/4). List the prime factors of 459/45 - o/r*3.
2, 5
Let c be (-6)/63 - 12/(-126). Suppose -t = b - 90, -4*t = 2*b - c*b - 366. What are the prime factors of t?
3, 31
Let q(h) = 2*h**3 + 61*h**2 + 33*h + 34. Let t = 709 - 738. What are the prime factors of q(t)?
2, 5
Let z(s) = 48 - 33 - s**2 - 24. Let p(k) = -2*k**2 - 17. Let n(v) = -6*p(v) + 11*z(v). What are the prime factors of n(-2)?
7
Let k(l) = -l**3 - 10*l**2 - 3*l + 16. Let j be k(-10). Suppose 2*s = -j + 18. Let u(g) = -4*g - 16. List the prime factors of u(s).
2, 5
Suppose 5*y = 5*l + 20, -l - 27 = 2*y + 4*l. What are the prime factors of y/(-4*9/42768)?
2, 3, 11
Suppose 10*h - 11*h + 7 = 0. Suppose -7*y + 20048 = h*y. Suppose 9*f = 3592 - y. What are the prime factors of f?
2, 3, 5
Suppose 3*o = a + 5*o - 30, -3*a + o = -55. Suppose 70 = a*r - 6*r. Suppose 4*y - 302 = -r*s, s = 3*y + y - 290. List the prime factors of y.
73
Let q be (0/1)/(7/7). Suppose q = x, -6*x + 5*x = 3*f - 879. What are the prime factors of f?
293
Suppose 193199 = 96*o - 53*o. What are the prime factors of o?
4493
Let h be (-5)/(-7) - 5/(-70)*4. Let q = 29 + h. List the prime factors of (1 + -30)/((-10)/q).
3, 29
Let c(d) = -147*d**3 + 18*d - 2 - 10*d**3 - 20*d + 0. Let g be c(-1). Let v = -35 + g. What are the prime factors of v?
2, 61
Let b be 0 + -1 + 1 + 0. Let h(q) = -17*q + 106. What are the prime factors of h(b)?
2, 53
Let x(r) = 12*r**2 - 70*r - 31. Suppose -31 = 12*f - 127. What are the prime factors of x(f)?
3, 59
Let j = 7865 + -5199. What are the prime factors of j?
2, 31, 43
Suppose 12*q - 273 = 9*q. Let m = 242 - q. What are the prime factors of m?
151
Suppose 0 = 64*s - 60*s - 33992. Suppose 5*n = -9*n + s. What are the prime factors of n?
607
Let r(c) = -11*c**3 - 17*c**2 + 60*c + 43. List the prime factors of r(-13).
61, 337
Let h(c) = c**2 - 13*c + 112. Let g be h(10). What are the prime factors of (-3091)/(-4) - g/(-328)?
773
Let n(x) = -3762*x - 5812. What are the prime factors of n(-10)?
2, 7, 71
Suppose -29476 - 20704 = -10*k. List the prime factors of k.
2, 13, 193
Let b = -22682 - -37909. List the prime factors of b.
15227
Let r be (35/(-4))/((-5)/(-220)). Let u be r/(-14) + (-2)/(-4). What are the prime factors of ((-30)/(-3))/(4/u)?
2, 5, 7
Let v(r) = 33*r**2 - 44*r + 204. What are the prime factors of v(11)?
47, 79
Let d(c) = 16*c - 15. Let g(v) = 48*v - 44. Let r(k) = -8*d(k) + 3*g(k). Let j(q) = 1. Let m(f) = -6*j(f) + r(f). List the prime factors of m(5).
2, 31
Suppose -37203 = -p + 120*g - 115*g, 3*g - 185931 = -5*p. List the prime factors of p.
2, 3, 1033
Let r(z) = -z**3 + 102*z**2 + 20*z + 21. Let c(o) = o**3 - 51*o**2 - 10*o - 11. Let y(s) = -5*c(s) - 2*r(s). What are the prime factors of y(16)?
941
Let x(d) = 183*d**2 + 9*d + 48. Let q be x(10). Suppose -16*u = -37*u + q. What are the prime factors of u?
2, 439
Suppose -9 = -7*o + 5. Suppose -o*g = -3*g + 65. Suppose -124 = -3*i - 4*p - 1, -g = -2*i + 3*p. What are the prime factors of i?
37
Let s(l) = -32*l + 596. Let h be s(0). Let u = h + -126. What are the prime factors of u?
2, 5, 47
Suppose 218979 = 39*p - 2775. List the prime factors of p.
2, 2843
Suppose -14*h + 4*k - 21310 = -16*h, 3*h = 5*k + 31954. What are the prime factors of h?
3, 53, 67
What are the prime factors of 9115 + 0 - ((-150)/(-6) - 18)?
2, 3, 11, 23
Let v be -5 + (-20)/6*3. Let o(g) = 3*g**2 + 23*g - 39. List the prime factors of o(v).
3, 97
Let f(x) = 3*x - 35. Let u be f(14). Suppose 0 = u*i - 3988 - 6036. List the prime factors of i.
2, 179
Suppose -19402 - 14500 = 46*h. Let f = h + 1672. What are the prime factors of f?
5, 11, 17
Suppose 2*s = -6*s + 16. Suppose -19 = -6*m +